3
Let n be 0 - (1 + 0 - 7). Let t(p) = 42*p - 2185. Let j be t(52). Let h = n + j. List the prime factors of h.
5
Suppose 30*p - 17*p - 117 = 0. Suppose -415 = -3*x + 13*w - p*w, -2*x = 2*w - 300. What are the prime factors of x?
5, 29
Let l be (1 + -7 + 931)*4/10. Let u be (9/(-12))/(9/(-24)). Suppose 2*r = 3*q - 0*q + 148, 5*r + u*q = l. List the prime factors of r.
2, 37
Let m = 729 + -722. Suppose 6*u + 3481 = 2*y + m*u, 4*y - 4*u = 6980. List the prime factors of y.
2, 13, 67
Suppose -3*o = -5*b - 29, 0 + 2 = b. Let m(w) = 3*w**2 - 7*w - 32. Let g be m(o). Suppose -83*y + 87*y = g. List the prime factors of y.
2, 3
Let q(l) = -4. Let x(g) = 290*g + 9. Let d(y) = q(y) + x(y). List the prime factors of d(3).
5, 7
Suppose 3*u = 8*u + 5*n - 83740, -u + 5*n + 16706 = 0. List the prime factors of u.
16741
Let p be (-1)/((-6)/(-278)*82/246). Let n(s) = 268*s**2. Let g be n(1). Let d = g + p. List the prime factors of d.
3, 43
Suppose 0 = -6*d - 552 - 270. Let c = d - -217. What are the prime factors of c?
2, 5
Let i(d) = -d**3 - 7*d**2 + 12*d + 24. Let p be i(-10). Let y be ((-14)/(-21))/((-1)/(-3)) - 2. Suppose y = -j - 2*j + p. List the prime factors of j.
2, 17
What are the prime factors of ((-5964)/8)/(-3)*(-39 + 113)?
7, 37, 71
Let d be ((-5)/4)/((-12)/(-16) + -1). Suppose d*j = 2072 - 242. List the prime factors of j.
2, 3, 61
Let p(d) = 81*d**3 - 38*d**2 - 8*d + 20. What are the prime factors of p(8)?
2, 9749
Suppose -g + 1 = 0, -12 = -4*t + 3*g + 1. Suppose 6 = 3*w - 2*o, -22 = -t*w - o - o. Suppose -w*z + 3*z = -54. List the prime factors of z.
2, 3
Suppose -28 = -7*o - 14. Suppose 0 = -5*y + 10, -a - 3*y + 8 = -o*y. Suppose -93 = -a*n + 57. What are the prime factors of n?
5
Let b(r) = r**3 + 12*r**2 + 13*r + 9. Suppose 18*y + 196 - 16 = 0. What are the prime factors of b(y)?
79
Let o(c) = -c**2 - 7*c + 2. Let h be o(-7). Suppose 0 = 7*y - 159 - 1129. Suppose 0*f - y = -h*f. What are the prime factors of f?
2, 23
Let y(l) = -4*l**3 + 21*l**2 - 51*l + 2. Let a(m) = 3*m**3 - 21*m**2 + 52*m + 1. Let s(d) = -3*a(d) - 2*y(d). List the prime factors of s(15).
13, 41
Suppose 334*a - 320*a = 182. Suppose -18579 = 2*z - a*z. List the prime factors of z.
3, 563
Suppose 3*n + b + 81 = 0, -3*n + 2*b = 38 + 43. Let w be 7/(-9) + 6/n. What are the prime factors of 243 + (w + (2 - 2))*-4?
13, 19
Let w(i) = -4*i**3 + 69*i**2 - 67*i + 44. What are the prime factors of w(-19)?
2, 7, 3833
Let m be ((-15)/10 + 1)/1*2854. Let z = -772 - m. List the prime factors of z.
5, 131
Let q = -22218 - -40699. List the prime factors of q.
18481
Let b be (-21)/(-49) - (-902)/(-14). Suppose 0 = -2*x + x - 158. Let o = b - x. What are the prime factors of o?
2, 47
What are the prime factors of (-32872424)/(-2873) + 4/26?
2, 3, 1907
Suppose 6*p + 72 = 30*p. Suppose -3*n = p, -2761 + 719 = -4*h - 2*n. What are the prime factors of h?
7, 73
Suppose 3*d = 1456 - 1438. Let a(q) = 9*q - 40. Let h(c) = -c + 1. Let o(l) = -a(l) - 6*h(l). List the prime factors of o(d).
2
Suppose -6*p + 3*p = 255. Let d = 0 - p. Suppose -6*y + d = -y. List the prime factors of y.
17
Let a(h) = 3*h**2 + 17*h - 1944. List the prime factors of a(-45).
2, 3, 11, 17
Let l be (-4)/18 - (-1274)/252*4. Suppose -3724 = -24*h + l*h. What are the prime factors of h?
7, 19
Let f(c) = 10 - 23*c + 15*c + 13*c**2 - c - 5 + 2. List the prime factors of f(7).
7, 83
Suppose 0 = x - 379 + 55. Let i = 899 - x. List the prime factors of i.
5, 23
Let k(y) = 26*y - 20. Let g(q) = 51*q - 39. Let d(h) = 4*g(h) - 7*k(h). Let x(a) = a. Let u(w) = -d(w) - 3*x(w). What are the prime factors of u(-3)?
7, 13
Let m(z) = 2*z + 25. Let h be 4 + 15/(-4) - 15/(-4). Suppose 0*p + 4*c = h*p + 4, 0 = 4*p - 2*c - 6. List the prime factors of m(p).
3, 11
Let o(s) = 150*s - 554. Let q = -299 + 311. What are the prime factors of o(q)?
2, 7, 89
Let d(i) = -2*i**2 + 16*i + 21. Let t be d(9). Suppose 0 = 5*a + 4*m - 4115, -a + t*m + 444 = -379. What are the prime factors of a?
823
Let t = 440 + 1306. List the prime factors of t/(2*(0 - -1)).
3, 97
Let w be (-6 - 0)*(-3)/36*-6. Let z(a) = a**2 + 4*a + 1. Let m be z(w). List the prime factors of 3 + -3 + m*37*-2.
2, 37
Let p = 20204 + 14759. What are the prime factors of p?
34963
Suppose 0 = -2*j + 5*k + 52352, -88*j + 92*j - 104794 = -5*k. List the prime factors of j.
11, 2381
Let f(z) = z - 6. Let q be f(11). Let y = 92 + -88. Suppose -3*g + i = -73, q*i + 16 + y = 0. List the prime factors of g.
23
Let c(d) = -13*d + 27. Let u be c(-6). Let f = 70 + -151. Let z = f + u. What are the prime factors of z?
2, 3
Let o = 37640 + -30678. What are the prime factors of o?
2, 59
Let f be (1 - 3/21)*-7. Let y(n) = 11*n - 6*n**2 + 11 - 11*n + 1 - n**3. What are the prime factors of y(f)?
2, 3
Suppose -95*j + 92*j = 4110. Let t = 1946 + j. List the prime factors of t.
2, 3
List the prime factors of 2990970/390 - (-4)/(-26).
7669
Suppose 0 = -5*j - 2*d + 17480, -d - 4*d + 17465 = 5*j. Let f be (-4)/(-14) + j/(-42). Let h = -31 - f. What are the prime factors of h?
2, 13
Let k be (40/6 - 7)*-33. Suppose -k*v = 6*v - 12971. What are the prime factors of v?
7, 109
Suppose 0 = c + p - 28032, -3*c = -0*c + p - 84098. What are the prime factors of (-1 + 0)/((-17)/c)?
17, 97
Let d = -13369 - -20458. Suppose -1619 + d = 5*g. What are the prime factors of g?
2, 547
Let f = 501 - 511. Suppose 2*c + c + 5*q - 206 = 0, 194 = 3*c + 2*q. Let h = c + f. What are the prime factors of h?
2, 13
Let d = 177 + -169. List the prime factors of 14 + d + -16 - -1298.
2, 163
Suppose 1 + 3 = 2*d - 3*a, 3*a - 21 = -3*d. Suppose 10*u - d*u = -t + 455, 4*t + u = 1858. What are the prime factors of t?
3, 5, 31
Suppose -2 = -3*l + 4*f + 11, 2*l - 2*f = 8. Let y(s) = -l*s + 29*s + 6*s - 13*s - 5. List the prime factors of y(4).
71
List the prime factors of (1*116378/(-3))/((-774)/1161).
58189
Let h(v) = 3*v**2 + 12*v + 6. Let f be h(-6). Suppose 6*c + f = 1500. Let x = -169 + c. List the prime factors of x.
2, 37
Suppose -5*t - 462 = 2*t. What are the prime factors of 387/((t/4)/(-11))?
2, 3, 43
Let h(n) = -645*n + 640. List the prime factors of h(-8).
2, 5, 29
Let s = 79 + -23. Let h(b) = -21*b - 57. Let t be h(-3). Suppose -t*c + s = -478. What are the prime factors of c?
89
Let u(y) = y**3 - 4*y**2 - 7*y - 4. Let h be u(-2). Let r(n) = -27*n - 32. List the prime factors of r(h).
2, 173
Suppose -1 = -3*q - 5*f, 3*f = 3*q + 6*f - 3. Suppose 0*t - q*t = -2*h - 1762, -2613 = -3*t - 3*h. What are the prime factors of t?
2, 3, 73
Suppose 0 = -5*t - 5*r + 353030, -4*r - 70621 = -93*t + 92*t. List the prime factors of t.
7, 11, 131
Suppose 3*q - 66243 = -3*v, -5*q = -28*v + 12*v + 353233. List the prime factors of v.
2, 7, 19, 83
Let r be (1/3)/(2/72). Suppose 5*u = j + j + 28, r = -2*u - 5*j. Suppose 2 = 2*z, 2*z + 199 = u*x + 5*z. List the prime factors of x.
7
Let a(y) = y**3 - 3*y**2 - 4*y + 1. Let z be a(4). Let j(l) = 2*l**2 - 3*l + 2. Let v be j(z). Suppose -37 - v = -2*p. List the prime factors of p.
19
Let i(m) = -974*m - 985. What are the prime factors of i(-28)?
97, 271
List the prime factors of (-75488)/(-84) - (5/3 + -2).
29, 31
Let n(d) be the second derivative of -5*d**3 + 17*d**2/2 - 40*d. Let v be n(-11). Suppose 4*i = v + 217. What are the prime factors of i?
3, 47
Suppose -3*y + 54724 = -5*n, 18*y - 21*y = -n - 54716. What are the prime factors of y?
2, 11, 829
Suppose 0 = 2*y - 3*a + 206 + 187, y + 5*a + 203 = 0. Let q(d) = -d - 3. Let u be q(15). List the prime factors of (-2300)/u - 44/y.
2
Let r = -650 + -380. Let b = -312 - r. What are the prime factors of b?
2, 359
Let c(m) be the third derivative of -m**7/1008 - m**6/120 - 2*m**5/3 - 5*m**2. Let a(i) be the third derivative of c(i). List the prime factors of a(-16).
2, 37
Suppose 7139 = 3*q - f, -4*q + 68*f = 69*f - 9514. What are the prime factors of q?
3, 13, 61
Let j = 277 + -17. Let m = 353 - j. What are the prime factors of m?
3, 31
Let s = 15170 - 6992. What are the prime factors of s?
2, 3, 29, 47
Let r be (0 + 1)*8*(-92)/(-8). Suppose 3*y + 4*w - r = 0, -w - 115 = -5*y + 46. Suppose -28*j - 452 = -y*j. What are the prime factors of j?
113
Let x(o) = 91*o + 5. Let z be x(1). Suppose 276 = 4*q + z. Let v = 111 - q. What are the prime factors of v?
2, 3,